10807
What are the prime factors of 28613876?
2, 37, 193337
List the prime factors of 246958935.
3, 5, 23, 715823
What are the prime factors of 5735224190?
2, 5, 443, 1294633
What are the prime factors of 9228590865?
3, 5, 13, 15775369
What are the prime factors of 38609195?
5, 2699, 2861
What are the prime factors of 581276902?
2, 619, 469529
List the prime factors of 93817046.
2, 23, 2039501
List the prime factors of 60760084.
2, 7, 11, 197273
List the prime factors of 55231590.
2, 3, 5, 509, 3617
What are the prime factors of 891907020?
2, 3, 5, 4955039
List the prime factors of 187172227.
11, 17, 1000921
What are the prime factors of 5041466476?
2, 397, 613, 5179
List the prime factors of 3747881569.
14813, 253013
What are the prime factors of 210472530?
2, 3, 5, 43, 241, 677
List the prime factors of 964156927.
964156927
List the prime factors of 7900045.
5, 173, 9133
What are the prime factors of 73649258?
2, 653, 56393
What are the prime factors of 367434308?
2, 91858577
What are the prime factors of 94043154?
2, 3, 239, 65581
List the prime factors of 379473564.
2, 3, 73, 101, 4289
List the prime factors of 543183621.
3, 41, 317, 13931
What are the prime factors of 295731128?
2, 7, 11, 59, 79, 103
List the prime factors of 706811137.
23, 617, 49807
List the prime factors of 20806118.
2, 2693, 3863
List the prime factors of 312158335.
5, 17, 3672451
List the prime factors of 63588427.
7, 67, 2767
List the prime factors of 245196185.
5, 13, 17, 101
What are the prime factors of 57483141?
3, 23, 571, 1459
What are the prime factors of 298017561?
3, 41, 2422907
What are the prime factors of 43060303?
11, 13, 17, 17713
List the prime factors of 583086984.
2, 3, 23, 1056317
List the prime factors of 234588488.
2, 29323561
List the prime factors of 463154855.
5, 503, 184157
List the prime factors of 18394019.
7, 101, 26017
What are the prime factors of 65593605?
3, 5, 7, 11, 19, 61
List the prime factors of 4445553101.
11, 19, 21270589
List the prime factors of 709718931.
3, 78857659
What are the prime factors of 4963998053?
7, 17881, 39659
List the prime factors of 49945971.
3, 163, 102139
List the prime factors of 24781610.
2, 5, 7, 354023
What are the prime factors of 32700153?
3, 10900051
List the prime factors of 102753762.
2, 3, 17125627
What are the prime factors of 73262728?
2, 7, 11, 23, 5171
List the prime factors of 6448162277.
71, 90819187
List the prime factors of 555630370.
2, 5, 55563037
List the prime factors of 907415555.
5, 193, 940327
What are the prime factors of 45790040?
2, 5, 293, 3907
What are the prime factors of 99547129?
11, 83, 107, 1019
What are the prime factors of 1069745120?
2, 5, 6685907
List the prime factors of 324002746.
2, 41, 3951253
List the prime factors of 266682888.
2, 3, 47, 109, 241
List the prime factors of 2192675796.
2, 3, 37, 1646153
List the prime factors of 140010453.
3, 11, 17, 23, 3617
What are the prime factors of 15680138?
2, 2543, 3083
What are the prime factors of 2311961110?
2, 5, 277, 834643
List the prime factors of 658920710.
2, 5, 7, 9413153
List the prime factors of 1237485059.
1321, 936779
What are the prime factors of 215420508?
2, 3, 5983903
What are the prime factors of 540694680?
2, 3, 5, 4505789
What are the prime factors of 631996817?
631996817
List the prime factors of 14685126.
2, 3, 2447521
What are the prime factors of 94768947?
3, 7, 13, 23, 43
What are the prime factors of 26141471?
26141471
List the prime factors of 169037410.
2, 5, 673, 25117
List the prime factors of 108733004.
2, 27183251
List the prime factors of 63171696.
2, 3, 7, 188011
List the prime factors of 246731922.
2, 3, 67, 204587
List the prime factors of 50758801.
151, 336151
What are the prime factors of 1873767357?
3, 7, 11, 37, 24359
What are the prime factors of 38302989?
3, 17, 331, 2269
What are the prime factors of 103740908?
2, 25935227
List the prime factors of 16047831.
3, 5349277
List the prime factors of 58835947.
3919, 15013
List the prime factors of 104425976.
2, 19, 687013
What are the prime factors of 506528600?
2, 5, 17, 19, 7841
List the prime factors of 24114037.
67, 359911
What are the prime factors of 11417868?
2, 3, 7, 11, 1373
List the prime factors of 20552888.
2, 599, 4289
List the prime factors of 4965431111.
17, 2953, 98911
List the prime factors of 220384623.
3, 2741, 26801
List the prime factors of 93372418.
2, 46686209
List the prime factors of 7574918432.
2, 59, 71, 56509
What are the prime factors of 2642902286?
2, 59, 22397477
List the prime factors of 1311171887.
25913, 50599
List the prime factors of 873567532.
2, 43, 191, 26591
List the prime factors of 54637361.
67, 73, 11171
What are the prime factors of 964782615?
3, 5, 43, 977, 1531
List the prime factors of 149501696.
2, 583991
List the prime factors of 1035555927.
3, 7, 49312187
What are the prime factors of 167932985?
5, 11, 397, 7691
What are the prime factors of 936565244?
2, 23, 113, 90089
List the prime factors of 125642779.
113, 181, 6143
What are the prime factors of 5016164206?
2, 47, 1361, 39209
What are the prime factors of 2453882260?
2, 5, 257, 477409
What are the prime factors of 2692896?
2, 3, 28051
List the prime factors of 44766870.
2, 3, 5, 43, 34703
What are the prime factors of 704201743?
7, 100600249
List the prime factors of 123476072.
2, 109, 141601
List the prime factors of 489021890.
2, 5, 7, 73, 83, 1153
What are the prime factors of 1240426360?
2, 5, 1481, 20939
List the prime factors of 366537833.
17, 613, 2069
What are the prime factors of 382266772?
2, 3797, 25169
What are the prime factors of 3393238350?
2, 3, 5, 239, 94651
What are the prime factors of 232044809?
5851, 39659
List the prime factors of 241807457.
113, 389, 5501
List the prime factors of 3805838288.
2, 7, 33980699
What are the prime factors of 134373047?
47, 2859001
What are the prime factors of 115901322?
2, 3, 19316887
What are the prime factors of 9905597?
13, 58613
List the prime factors of 419295544.
2, 37, 887, 1597
List the prime factors of 804033832.
2, 7, 89, 161323
List the prime factors of 907876164.
2, 3, 13, 19, 306301
List the prime factors of 34310947.
11, 17, 43, 251
List the prime factors of 81338589.
3, 83, 108887
What are the prime factors of 241427036?
2, 173, 348883
List the prime factors of 78079842.
2, 3, 37, 39079
List the prime factors of 12396135.
3, 5, 811, 1019
List the prime factors of 87752932.
2, 89, 246497
What are the prime factors of 248671916?
2, 97, 640907
List the prime factors of 21140581.
7, 11, 73, 3761
What are the prime factors of 125284812?
2, 3, 37, 97, 2909
List the prime factors of 44472278.
2, 22236139
What are the prime factors of 309156210?
2, 3, 5, 11, 9463
List the prime factors of 280140110.
2, 5, 17, 877, 1879
List the prime factors of 235348886.
2, 117674443
List the prime factors of 2134219348.
2, 37, 2741, 5261
What are the prime factors of 4003322331?
3, 1334440777
What are the prime factors of 641165564?
2, 13, 19, 648953
List the prime factors of 51395703.
3, 19, 901679
List the prime factors of 47006131.
41, 1146491
List the prime factors of 3091573729.
3091573729
What are the prime factors of 3900703145?
5, 29, 823, 32687
What are the prime factors of 383078196?
2, 3, 313, 33997
List the prime factors of 2830882233.
3, 15053, 62687
List the prime factors of 6524932154.
2, 13, 137, 140909
What are the prime factors of 4493310?
2, 3, 5, 19, 7883
List the prime factors of 377052042.
2, 3, 1291, 48677
What are the prime factors of 663832294?
2, 331916147
What are the prime factors of 41550510?
2, 3, 5, 1385017
List the prime factors of 998830514.
2, 11, 45401387
List the prime factors of 279294577.
53, 5269709
List the prime factors of 99126409.
99126409
List the prime factors of 1609144133.
131, 12283543
What are the prime factors of 55480735?
5, 283, 39209
What are the prime factors of 79820277?
3, 26606759
List the prime factors of 153659691.
3, 71, 191, 1259
List the prime factors of 42565865.
5, 8513173
What are the prime factors of 141234424?
2, 103, 171401
What are the prime factors of 2115916505?
5, 2729, 155069
What are the prime factors of 1176793631?
13, 211, 429017
What are the prime factors of 36641770?
2, 5, 11, 333107
List the prime factors